{"id":35,"date":"2019-08-13T22:26:57","date_gmt":"2019-08-13T22:26:57","guid":{"rendered":"http:\/\/www.trummerstoller.ch\/?page_id=35"},"modified":"2024-03-16T10:08:14","modified_gmt":"2024-03-16T10:08:14","slug":"dahiime","status":"publish","type":"page","link":"https:\/\/www.trummerstoller.ch\/","title":{"rendered":"Dahiime"},"content":{"rendered":"\n<p><\/p>\n\n\n\n<p style=\"color:#224725\" class=\"has-text-color\"><em><strong>\u201eWorte von seltener Sch\u00f6nheit\u201c<\/strong><\/em><br> Die Berner Zeitung \u00fcber Maria Laubers Texte<\/p>\n\n\n\n<p style=\"color:#224725\" class=\"has-text-color\"><strong><em>\u201eBehutsam, feinf\u00fchlig und angenehm authentisch\u201c<\/em><\/strong><br> Die Jungfrau Zeitung \u00fcber das Programm<\/p>\n\n\n\n<p style=\"color:#224725\" class=\"has-text-color\"><strong>\u201eDiese wunderbaren Mundartlieder r\u00fchrten mich zu Tr\u00e4nen.\u201c <\/strong><br> B\u00e4nz Friedli<\/p>\n\n\n\n<p style=\"color:#224725\" class=\"has-text-color\">Trummer: Stimme, Gitarre, Mundharmonika<br>\nNadja Stoller: Stimme, Akkordeon, Autoharp, Glockenspiel<br>\nMit Projektion der Frutigtaler Fotografien von Reto Camenisch<\/p>\n\n\n\n<p style=\"color:#224725\" class=\"has-text-color\">Trummer &amp; Stoller: Es verbindet sie ihre Herkunft im Berner Oberland und die Liebe zum Werk einer einheimischen Dichterin: Maria Lauber (1891 \u2013 1973) hat zu ihren Lebzeiten weit \u00fcber das Frutigtal hinaus Aufmerksamkeit und Lob gewonnen als eine der bedeutenden Mundartdichterinnen des 20.Jahrhunderts. In den Texten \u00fcber das Zusammenleben in den kleinen D\u00f6rfern am Berghang, \u00fcber die am Gartentor vorbeigehende Liebe, \u00fcber Heimweh, Familie &amp; die Suche nach dem Gl\u00fcck wird nicht nur aus einer vergangenen Welt, sondern auch vom Menschsein schlechthin erz\u00e4hlt.<\/p>\n\n\n<p><!--EndFragment--><\/p>","protected":false},"excerpt":{"rendered":"<p>\u201eWorte von seltener Sch\u00f6nheit\u201c Die Berner Zeitung \u00fcber Maria Laubers Texte \u201eBehutsam, feinf\u00fchlig und angenehm authentisch\u201c Die Jungfrau Zeitung \u00fcber das Programm \u201eDiese wunderbaren Mundartlieder r\u00fchrten mich zu Tr\u00e4nen.\u201c B\u00e4nz [&#8230;]<\/p>\n<p><a rel=\"bookmark\" class=\"more-link button\" href=\"https:\/\/www.trummerstoller.ch\/\">Continue reading &rarr;<\/a><\/p>\n","protected":false},"author":1,"featured_media":0,"parent":0,"menu_order":1,"comment_status":"closed","ping_status":"closed","template":"page-templates\/one-page.php","meta":{"footnotes":""},"_links":{"self":[{"href":"https:\/\/www.trummerstoller.ch\/index.php\/wp-json\/wp\/v2\/pages\/35"}],"collection":[{"href":"https:\/\/www.trummerstoller.ch\/index.php\/wp-json\/wp\/v2\/pages"}],"about":[{"href":"https:\/\/www.trummerstoller.ch\/index.php\/wp-json\/wp\/v2\/types\/page"}],"author":[{"embeddable":true,"href":"https:\/\/www.trummerstoller.ch\/index.php\/wp-json\/wp\/v2\/users\/1"}],"replies":[{"embeddable":true,"href":"https:\/\/www.trummerstoller.ch\/index.php\/wp-json\/wp\/v2\/comments?post=35"}],"version-history":[{"count":10,"href":"https:\/\/www.trummerstoller.ch\/index.php\/wp-json\/wp\/v2\/pages\/35\/revisions"}],"predecessor-version":[{"id":226,"href":"https:\/\/www.trummerstoller.ch\/index.php\/wp-json\/wp\/v2\/pages\/35\/revisions\/226"}],"wp:attachment":[{"href":"https:\/\/www.trummerstoller.ch\/index.php\/wp-json\/wp\/v2\/media?parent=35"}],"curies":[{"name":"wp","href":"https:\/\/api.w.org\/{rel}","templated":true}]}}